{"id":39,"date":"2015-11-08T16:54:36","date_gmt":"2015-11-08T15:54:36","guid":{"rendered":"http:\/\/www.opinvest.cz\/imolaceramica\/importeri\/"},"modified":"2019-09-05T10:38:03","modified_gmt":"2019-09-05T09:38:03","slug":"importeri","status":"publish","type":"page","link":"https:\/\/www.opinvest.cz\/imolaceramica\/importeri\/","title":{"rendered":"Import\u00e9\u0159i"},"content":{"rendered":"<p>[et_pb_section admin_label=&#8220;section&#8220; transparent_background=&#8220;off&#8220; allow_player_pause=&#8220;off&#8220; inner_shadow=&#8220;off&#8220; parallax=&#8220;off&#8220; parallax_method=&#8220;off&#8220; padding_mobile=&#8220;off&#8220; make_fullwidth=&#8220;off&#8220; use_custom_width=&#8220;off&#8220; width_unit=&#8220;on&#8220; make_equal=&#8220;off&#8220; use_custom_gutter=&#8220;off&#8220; custom_css_main_element=&#8220;padding: 22px 0;&#8220;][et_pb_row admin_label=&#8220;\u0158\u00e1dek&#8220;][et_pb_column type=&#8220;4_4&#8243;][et_pb_post_title admin_label=&#8220;Titulek p\u0159\u00edsp\u011bvku&#8220; title=&#8220;on&#8220; meta=&#8220;off&#8220; author=&#8220;off&#8220; date=&#8220;off&#8220; categories=&#8220;off&#8220; comments=&#8220;off&#8220; featured_image=&#8220;on&#8220; featured_placement=&#8220;below&#8220; parallax_effect=&#8220;on&#8220; parallax_method=&#8220;on&#8220; text_orientation=&#8220;center&#8220; text_color=&#8220;dark&#8220; text_background=&#8220;off&#8220; text_bg_color=&#8220;rgba(255,255,255,0.9)&#8220; module_bg_color=&#8220;rgba(255,255,255,0)&#8220; title_all_caps=&#8220;off&#8220; use_border_color=&#8220;off&#8220; border_color=&#8220;#ffffff&#8220; border_style=&#8220;solid&#8220; title_font=&#8220;Roboto Condensed||||&#8220; title_font_size=&#8220;42px&#8220; title_text_color=&#8220;#7cc68d&#8220; meta_font=&#8220;Roboto|on||on|&#8220; meta_font_size=&#8220;21&#8243; meta_text_color=&#8220;#7cc68d&#8220;] [\/et_pb_post_title][et_pb_text admin_label=&#8220;Text&#8220; background_layout=&#8220;light&#8220; text_orientation=&#8220;center&#8220; text_font_size=&#8220;19&#8243; text_text_color=&#8220;#6b6b6b&#8220; use_border_color=&#8220;off&#8220; border_color=&#8220;#ffffff&#8220; border_style=&#8220;solid&#8220;]<\/p>\n<p style=\"text-align: center;\">\u010cesk\u00e1 republika<\/p>\n<p>[\/et_pb_text][\/et_pb_column][\/et_pb_row][et_pb_row admin_label=&#8220;\u0158\u00e1dek&#8220; make_fullwidth=&#8220;off&#8220; use_custom_width=&#8220;off&#8220; width_unit=&#8220;on&#8220; use_custom_gutter=&#8220;off&#8220; padding_mobile=&#8220;off&#8220; allow_player_pause=&#8220;off&#8220; parallax=&#8220;off&#8220; parallax_method=&#8220;off&#8220; make_equal=&#8220;off&#8220; background_color_2=&#8220;#ededed&#8220; column_padding_mobile=&#8220;on&#8220; background_color_1=&#8220;#ededed&#8220; padding_top_2=&#8220;20&#8243; padding_bottom_2=&#8220;20&#8243; padding_top_1=&#8220;20&#8243; padding_bottom_1=&#8220;20&#8243;][et_pb_column type=&#8220;1_2&#8243;][et_pb_text admin_label=&#8220;Text&#8220; background_layout=&#8220;light&#8220; text_orientation=&#8220;left&#8220; use_border_color=&#8220;off&#8220; border_color=&#8220;#ffffff&#8220; border_style=&#8220;solid&#8220;]<\/p>\n<h2 style=\"text-align: center;\"><strong>CRAVT koupelny s.r.o.<\/strong><\/h2>\n<p style=\"text-align: center;\">Ch\u00fdnovsk\u00e1 2994, 390 02 T\u00e1bor<\/p>\n<p style=\"text-align: center;\">tel: +420 381 200 210, 226, 227<\/p>\n<p style=\"text-align: center;\"><a href=\"mailto:obchod.sanita@cravt.cz\" target=\"_blank\">obchod.sanita@cravt.cz<\/a><\/p>\n<p style=\"text-align: center;\">Jeremi\u00e1\u0161ova 2722, Praha 5 \u2013 Stod\u016flky<\/p>\n<p style=\"text-align: center;\">+420 +420 606 711 692<\/p>\n<p style=\"text-align: center;\"><a href=\"mailto:m.maric@cravt.cz\" target=\"_blank\">m.maric@cravt.cz<\/a><\/p>\n<p style=\"text-align: center;\"><a href=\"http:\/\/www.cravtkoupelny.cz\" target=\"_blank\">www.cravtkoupelny.cz<\/a><\/p>\n<p>[\/et_pb_text][\/et_pb_column][et_pb_column type=&#8220;1_2&#8243;][et_pb_text admin_label=&#8220;Text&#8220; background_layout=&#8220;light&#8220; text_orientation=&#8220;left&#8220; use_border_color=&#8220;off&#8220; border_color=&#8220;#ffffff&#8220; border_style=&#8220;solid&#8220;]<\/p>\n<h2 style=\"text-align: center;\"><strong>DIPRO TRADE s.r.o.<\/strong><\/h2>\n<p style=\"text-align: center;\">Chodsk\u00e1 17, 602 00 Brno<\/p>\n<p style=\"text-align: center;\">tel: +420 541216955<\/p>\n<p style=\"text-align: center;\"><a href=\"mailto:dipro@dipro-brno.cz\" target=\"_blank\">dipro@dipro-brno.cz<\/a><\/p>\n<p style=\"text-align: center;\">U\u00a0Studia 34, Ostrava-Z\u00e1b\u0159eh 700 30<\/p>\n<p style=\"text-align: center;\">tel. +420597 070 721<\/p>\n<p style=\"text-align: center;\"><a href=\"mailto:ostrava@dipro-koupelny.cz\" target=\"_blank\">ostrava@dipro-koupelny.cz<\/a><\/p>\n<p style=\"text-align: center;\"><a href=\"http:\/\/www.dipro-koupelny.cz\" target=\"_blank\">www.dipro-koupelny.cz<\/a><\/p>\n<p>[\/et_pb_text][\/et_pb_column][\/et_pb_row][et_pb_row admin_label=&#8220;\u0158\u00e1dek&#8220; make_fullwidth=&#8220;off&#8220; use_custom_width=&#8220;off&#8220; width_unit=&#8220;on&#8220; use_custom_gutter=&#8220;off&#8220; padding_mobile=&#8220;off&#8220; allow_player_pause=&#8220;off&#8220; parallax=&#8220;off&#8220; parallax_method=&#8220;off&#8220; make_equal=&#8220;off&#8220; background_color_2=&#8220;#ededed&#8220; column_padding_mobile=&#8220;on&#8220; background_color_1=&#8220;#ededed&#8220; padding_top_2=&#8220;20&#8243; padding_bottom_2=&#8220;20&#8243; padding_top_1=&#8220;20&#8243; padding_bottom_1=&#8220;20&#8243;][et_pb_column type=&#8220;1_2&#8243;][et_pb_text admin_label=&#8220;Text&#8220; background_layout=&#8220;light&#8220; text_orientation=&#8220;left&#8220; use_border_color=&#8220;off&#8220; border_color=&#8220;#ffffff&#8220; border_style=&#8220;solid&#8220;]<\/p>\n<h2 style=\"text-align: center;\"><strong>ITALBYT<\/strong><\/h2>\n<p style=\"text-align: center;\">Na Vr\u0161ku 6, 466 01, Jablonec nad Nisou<\/p>\n<p style=\"text-align: center;\">tel: +420 483 318\u00a0823, +420 605 200 595<\/p>\n<p style=\"text-align: center;\"><a href=\"mailto:italbyt@volny.cz\" target=\"_blank\">italbyt@volny.cz<\/a><\/p>\n<p style=\"text-align: center;\"><a href=\"http:\/\/www.italbyt.cz\" target=\"_blank\">www.italbyt.cz<\/a><\/p>\n<p>[\/et_pb_text][\/et_pb_column][et_pb_column type=&#8220;1_2&#8243;][et_pb_text admin_label=&#8220;Text&#8220; background_layout=&#8220;light&#8220; text_orientation=&#8220;left&#8220; use_border_color=&#8220;off&#8220; border_color=&#8220;#ffffff&#8220; border_style=&#8220;solid&#8220;]<\/p>\n<h2 style=\"text-align: center;\"><strong>JIHOS CZ, s.r.o.<\/strong><\/h2>\n<p style=\"text-align: center;\">P\u00e1vovsk\u00e1 86, 586 01 Jihlava<\/p>\n<p style=\"text-align: center;\">tel: +420 567 211\u00a0834, +420 608 130 970<\/p>\n<p style=\"text-align: center;\"><a href=\"mailto:jihos@ji.cz\" target=\"_blank\">jihos@ji.cz<\/a><\/p>\n<p style=\"text-align: center;\"><a href=\"http:\/\/www.jihos.cz\" target=\"_blank\">www.jihos.cz<\/a><\/p>\n<p>[\/et_pb_text][\/et_pb_column][\/et_pb_row][et_pb_row admin_label=&#8220;\u0158\u00e1dek&#8220; make_fullwidth=&#8220;off&#8220; use_custom_width=&#8220;off&#8220; width_unit=&#8220;on&#8220; use_custom_gutter=&#8220;off&#8220; padding_mobile=&#8220;off&#8220; allow_player_pause=&#8220;off&#8220; parallax=&#8220;off&#8220; parallax_method=&#8220;off&#8220; make_equal=&#8220;off&#8220; background_color_2=&#8220;#ededed&#8220; column_padding_mobile=&#8220;on&#8220; background_color_1=&#8220;#ededed&#8220; padding_top_2=&#8220;20&#8243; padding_bottom_2=&#8220;20&#8243; padding_top_1=&#8220;20&#8243; padding_bottom_1=&#8220;20&#8243;][et_pb_column type=&#8220;1_2&#8243;][et_pb_text admin_label=&#8220;Text&#8220; background_layout=&#8220;light&#8220; text_orientation=&#8220;left&#8220; use_border_color=&#8220;off&#8220; border_color=&#8220;#ffffff&#8220; border_style=&#8220;solid&#8220;]<\/p>\n<h2 style=\"text-align: center;\"><strong>KERAMIKA JH s.r.o.<\/strong><\/h2>\n<p style=\"text-align: center;\">Kmentova 89\/II, 377 01 Jind\u0159ich\u016fv Hradec<\/p>\n<p style=\"text-align: center;\">tel: +420 384321327<\/p>\n<p style=\"text-align: center;\"><a href=\"mailto:info@keramikajh.cz\" target=\"_blank\">info@keramikajh.cz<\/a><\/p>\n<p style=\"text-align: center;\"><a href=\"http:\/\/www.keramikajh.cz\" target=\"_blank\">www.keramikajh.cz<\/a><\/p>\n<p>[\/et_pb_text][\/et_pb_column][et_pb_column type=&#8220;1_2&#8243;][et_pb_text admin_label=&#8220;Text&#8220; background_layout=&#8220;light&#8220; text_orientation=&#8220;left&#8220; use_border_color=&#8220;off&#8220; border_color=&#8220;#ffffff&#8220; border_style=&#8220;solid&#8220;]<\/p>\n<h2 style=\"text-align: center;\"><strong>LEVEL 02, a.s.<\/strong><\/h2>\n<p style=\"text-align: center;\">Lu\u010dn\u00ed \u010dtvr\u0165 1867, 686 03 Star\u00e9 M\u011bsto u Uh. Hradi\u0161t\u011b<\/p>\n<p style=\"text-align: center;\">tel: +420 734 235 796<\/p>\n<p style=\"text-align: center;\"><a href=\"mailto:prodejna.uh@level02.cz\">prodejna.uh@level02.cz<\/a><\/p>\n<p style=\"text-align: center;\"><a href=\"http:\/\/www.keramikajh.cz\" target=\"_blank\">www.level02.cz<\/a><\/p>\n<p>[\/et_pb_text][\/et_pb_column][\/et_pb_row][et_pb_row admin_label=&#8220;\u0158\u00e1dek&#8220; make_fullwidth=&#8220;off&#8220; use_custom_width=&#8220;off&#8220; width_unit=&#8220;on&#8220; use_custom_gutter=&#8220;off&#8220; padding_mobile=&#8220;off&#8220; allow_player_pause=&#8220;off&#8220; parallax=&#8220;off&#8220; parallax_method=&#8220;off&#8220; make_equal=&#8220;off&#8220; background_color_2=&#8220;#ededed&#8220; column_padding_mobile=&#8220;on&#8220; background_color_1=&#8220;#ededed&#8220; padding_top_2=&#8220;20&#8243; padding_bottom_2=&#8220;20&#8243; padding_top_1=&#8220;20&#8243; padding_bottom_1=&#8220;20&#8243;][et_pb_column type=&#8220;1_2&#8243;][et_pb_text admin_label=&#8220;Text&#8220; background_layout=&#8220;light&#8220; text_orientation=&#8220;left&#8220; use_border_color=&#8220;off&#8220; border_color=&#8220;#ffffff&#8220; border_style=&#8220;solid&#8220;]<\/p>\n<h2 style=\"text-align: center;\"><strong>PT\u00c1\u010cEK &#8211; 55 prodejn\u00edch m\u00edst<\/strong><\/h2>\n<p style=\"text-align: center;\">velkoobchod: 252 25 Jino\u010dany<\/p>\n<p style=\"text-align: center;\">tel: +420\u00a0257\u00a0192 203<\/p>\n<p style=\"text-align: center;\"><a href=\"mailto:martina.klimentova@ptacek.cz\" target=\"_blank\">martina.klimentova@ptacek.cz<\/a><\/p>\n<p style=\"text-align: center;\"><a href=\"http:\/\/www.koupelny-ptacek.cz\" target=\"_blank\">www.koupelny-ptacek.cz<\/a><\/p>\n<p>[\/et_pb_text][\/et_pb_column][et_pb_column type=&#8220;1_2&#8243;][et_pb_text admin_label=&#8220;Text&#8220; background_layout=&#8220;light&#8220; text_orientation=&#8220;left&#8220; use_border_color=&#8220;off&#8220; border_color=&#8220;#ffffff&#8220; border_style=&#8220;solid&#8220;]<\/p>\n<h2 style=\"text-align: center;\"><strong>REBYS, s.r.o.<\/strong><\/h2>\n<p style=\"text-align: center;\">P\u0159emyslova 373, 278 01 Kralupy nad Vltavou<\/p>\n<p style=\"text-align: center;\">tel: +420 315 724 542<\/p>\n<p style=\"text-align: center;\"><a href=\"mailto:rebys@rebys.cz\" target=\"_blank\">rebys@rebys.cz<\/a><\/p>\n<p style=\"text-align: center;\"><a href=\"http:\/\/www.rebys.cz\" target=\"_blank\">www.rebys.cz<\/a><\/p>\n<p>[\/et_pb_text][\/et_pb_column][\/et_pb_row][et_pb_row admin_label=&#8220;\u0158\u00e1dek&#8220; make_fullwidth=&#8220;off&#8220; use_custom_width=&#8220;off&#8220; width_unit=&#8220;on&#8220; use_custom_gutter=&#8220;off&#8220; padding_mobile=&#8220;off&#8220; allow_player_pause=&#8220;off&#8220; parallax=&#8220;off&#8220; parallax_method=&#8220;off&#8220; make_equal=&#8220;off&#8220; background_color_2=&#8220;#ededed&#8220; column_padding_mobile=&#8220;on&#8220; background_color_1=&#8220;#ededed&#8220; padding_top_2=&#8220;20&#8243; padding_bottom_2=&#8220;20&#8243; padding_top_1=&#8220;20&#8243; padding_bottom_1=&#8220;20&#8243;][et_pb_column type=&#8220;1_2&#8243;][et_pb_text admin_label=&#8220;Text&#8220; background_layout=&#8220;light&#8220; text_orientation=&#8220;left&#8220; use_border_color=&#8220;off&#8220; border_color=&#8220;#ffffff&#8220; border_style=&#8220;solid&#8220;]<\/p>\n<h2 style=\"text-align: center;\"><strong>STAVEX U.H<\/strong><\/h2>\n<p style=\"text-align: center;\">Sokolovsk\u00e1 971, 686 01 Uh. Hradi\u0161t\u011b &#8211; Ma\u0159atice<\/p>\n<p style=\"text-align: center;\">tel: +420 572551003<\/p>\n<p style=\"text-align: center;\"><a href=\"mailto:obchod@stavexkoupelny.cz\" target=\"_blank\">obchod@stavexkoupelny.cz<\/a><\/p>\n<p style=\"text-align: center;\"><a href=\"http:\/\/www.stavexkoupelny.cz\" target=\"_blank\">www.stavexkoupelny.cz<\/a><\/p>\n<p>[\/et_pb_text][\/et_pb_column][et_pb_column type=&#8220;1_2&#8243;][et_pb_text admin_label=&#8220;Text&#8220; background_layout=&#8220;light&#8220; text_orientation=&#8220;left&#8220; use_border_color=&#8220;off&#8220; border_color=&#8220;#ffffff&#8220; border_style=&#8220;solid&#8220;]<\/p>\n<h2 style=\"text-align: center;\"><strong>STASPO spol. s r.o.<\/strong><\/h2>\n<p style=\"text-align: center;\">T\u011b\u0161\u00ednsk\u00e1 254, 716 00 Ostrava \u2013 Radvance<\/p>\n<p style=\"text-align: center;\">tel: +420 596232553<\/p>\n<p style=\"text-align: center;\"><a href=\"mailto:janik@staspo.cz\" target=\"_blank\">janik@staspo.cz<\/a><\/p>\n<p style=\"text-align: center;\"><a href=\"http:\/\/www.staspo.cz\" target=\"_blank\">www.staspo.cz<\/a><\/p>\n<p>[\/et_pb_text][\/et_pb_column][\/et_pb_row][et_pb_row admin_label=&#8220;\u0158\u00e1dek&#8220;][et_pb_column type=&#8220;4_4&#8243;][et_pb_divider admin_label=&#8220;Odd\u011blova\u010d&#8220; color=&#8220;#ededed&#8220; show_divider=&#8220;on&#8220; divider_style=&#8220;solid&#8220; divider_position=&#8220;top&#8220; hide_on_mobile=&#8220;on&#8220;] [\/et_pb_divider][et_pb_text admin_label=&#8220;Text&#8220; background_layout=&#8220;light&#8220; text_orientation=&#8220;center&#8220; text_font_size=&#8220;19&#8243; text_text_color=&#8220;#6b6b6b&#8220; use_border_color=&#8220;off&#8220; border_color=&#8220;#ffffff&#8220; border_style=&#8220;solid&#8220;]<\/p>\n<p style=\"text-align: center;\">Slovensk\u00e1\u00a0republika<\/p>\n<p>[\/et_pb_text][\/et_pb_column][\/et_pb_row][et_pb_row admin_label=&#8220;\u0158\u00e1dek&#8220; make_fullwidth=&#8220;off&#8220; use_custom_width=&#8220;off&#8220; width_unit=&#8220;on&#8220; use_custom_gutter=&#8220;off&#8220; padding_mobile=&#8220;off&#8220; allow_player_pause=&#8220;off&#8220; parallax=&#8220;off&#8220; parallax_method=&#8220;off&#8220; make_equal=&#8220;off&#8220; background_color_2=&#8220;#ededed&#8220; column_padding_mobile=&#8220;on&#8220; background_color_1=&#8220;#ededed&#8220; padding_top_2=&#8220;20&#8243; padding_bottom_2=&#8220;20&#8243; padding_top_1=&#8220;20&#8243; padding_bottom_1=&#8220;20&#8243;][et_pb_column type=&#8220;1_2&#8243;][et_pb_text admin_label=&#8220;Text&#8220; background_layout=&#8220;light&#8220; text_orientation=&#8220;left&#8220; use_border_color=&#8220;off&#8220; border_color=&#8220;#ffffff&#8220; border_style=&#8220;solid&#8220;]<\/p>\n<h2 style=\"text-align: center;\"><strong>Floor Design, s.r.o<\/strong><\/h2>\n<p style=\"text-align: center;\">Horn\u00e1 34, 974 01, Bansk\u00e1 Bystrica<\/p>\n<p style=\"text-align: center;\">tel: +421 918 500 403<\/p>\n<p style=\"text-align: center;\"><a href=\"mailto:floordesign@floordesign.sk\" target=\"_blank\">floordesign@floordesign.sk<\/a><\/p>\n<p style=\"text-align: center;\"><a href=\"http:\/\/www.floordesign.sk\" target=\"_blank\">www.floordesign.sk<\/a><\/p>\n<p>[\/et_pb_text][\/et_pb_column][et_pb_column type=&#8220;1_2&#8243;][et_pb_text admin_label=&#8220;Text&#8220; background_layout=&#8220;light&#8220; text_orientation=&#8220;left&#8220; use_border_color=&#8220;off&#8220; border_color=&#8220;#ffffff&#8220; border_style=&#8220;solid&#8220;]<\/p>\n<h2 style=\"text-align: center;\"><strong>GOODWAY s.r.o.<\/strong><\/h2>\n<p style=\"text-align: center;\">Hviezdna 1 Malinovo 90045<\/p>\n<p style=\"text-align: center;\">tel.: +421 903722044<\/p>\n<p style=\"text-align: center;\"><a href=\"mailto:info@goodway.sk\" target=\"_blank\">info@goodway.sk<\/a><\/p>\n<p style=\"text-align: center;\"><a href=\"http:\/\/www.kachlickovo.sk\" target=\"_blank\">www.kachlickovo.sk<\/a><\/p>\n<p>[\/et_pb_text][\/et_pb_column][\/et_pb_row][et_pb_row admin_label=&#8220;\u0158\u00e1dek&#8220; make_fullwidth=&#8220;off&#8220; use_custom_width=&#8220;off&#8220; width_unit=&#8220;on&#8220; use_custom_gutter=&#8220;off&#8220; padding_mobile=&#8220;off&#8220; allow_player_pause=&#8220;off&#8220; parallax=&#8220;off&#8220; parallax_method=&#8220;off&#8220; make_equal=&#8220;off&#8220; background_color_2=&#8220;#ededed&#8220; column_padding_mobile=&#8220;on&#8220; background_color_1=&#8220;#ededed&#8220; padding_top_2=&#8220;20&#8243; padding_bottom_2=&#8220;20&#8243; padding_top_1=&#8220;20&#8243; padding_bottom_1=&#8220;20&#8243;][et_pb_column type=&#8220;1_2&#8243;][et_pb_text admin_label=&#8220;Text&#8220; background_layout=&#8220;light&#8220; text_orientation=&#8220;left&#8220; use_border_color=&#8220;off&#8220; border_color=&#8220;#ffffff&#8220; border_style=&#8220;solid&#8220;]<\/p>\n<h2 style=\"text-align: center;\"><strong>PIKER<\/strong><\/h2>\n<p style=\"text-align: center;\">Nitrianska 29, 917 01 Trnava<\/p>\n<p style=\"text-align: center;\">Tel. +421 33 5512 895, 5344 441<\/p>\n<p style=\"text-align: center;\"><a href=\"mailto:piker@piker.sk\" target=\"_blank\">piker@piker.sk<\/a><\/p>\n<p style=\"text-align: center;\"><a href=\"http:\/\/www.piker.sk\" target=\"_blank\">www.piker.sk<\/a><\/p>\n<p>[\/et_pb_text][\/et_pb_column][et_pb_column type=&#8220;1_2&#8243;][et_pb_text admin_label=&#8220;Text&#8220; background_layout=&#8220;light&#8220; text_orientation=&#8220;left&#8220; use_border_color=&#8220;off&#8220; border_color=&#8220;#ffffff&#8220; border_style=&#8220;solid&#8220;]<\/p>\n<h2 style=\"text-align: center;\"><strong>PT\u00c1\u010cEK &#8211; 10 prodejn\u00edch m\u00edst<\/strong><\/h2>\n<p style=\"text-align: center;\">centr\u00e1la: Vajnorsk\u00e1 140, 831 04, Bratislava<\/p>\n<p style=\"text-align: center;\">tel: +421 2 444 55 781<\/p>\n<p style=\"text-align: center;\"><a href=\"mailto:sekretariat@ptacek.sk\" target=\"_blank\">sekretariat@ptacek.sk<\/a><\/p>\n<p style=\"text-align: center;\"><a href=\"http:\/\/www. ptacek.sk\" target=\"_blank\">www.ptacek.sk<\/a><\/p>\n<p>[\/et_pb_text][\/et_pb_column][\/et_pb_row][et_pb_row admin_label=&#8220;\u0158\u00e1dek&#8220; make_fullwidth=&#8220;off&#8220; use_custom_width=&#8220;off&#8220; width_unit=&#8220;on&#8220; use_custom_gutter=&#8220;off&#8220; padding_mobile=&#8220;off&#8220; allow_player_pause=&#8220;off&#8220; parallax=&#8220;off&#8220; parallax_method=&#8220;off&#8220; make_equal=&#8220;off&#8220; background_color_2=&#8220;#ededed&#8220; column_padding_mobile=&#8220;on&#8220; background_color_1=&#8220;#ededed&#8220; padding_top_2=&#8220;20&#8243; padding_bottom_2=&#8220;20&#8243; padding_top_1=&#8220;20&#8243; padding_bottom_1=&#8220;20&#8243;][et_pb_column type=&#8220;1_2&#8243;][et_pb_text admin_label=&#8220;Text&#8220; background_layout=&#8220;light&#8220; text_orientation=&#8220;left&#8220; use_border_color=&#8220;off&#8220; border_color=&#8220;#ffffff&#8220; border_style=&#8220;solid&#8220;]<\/p>\n<h2 style=\"text-align: center;\"><strong>KX KO\u0160ICE s.r.o.<\/strong><\/h2>\n<p style=\"text-align: center;\"><strong>K\u00fape\u013enov\u00e9 \u0161t\u00fadio SINCRO<\/strong><\/p>\n<p style=\"text-align: center;\">Jakobyho 1,\u00a0040 01 Ko\u0161ice<\/p>\n<p style=\"text-align: center;\">Mob: +421 904 286 619<\/p>\n<p style=\"text-align: center;\"><u><span style=\"color: #000120;\"><a href=\"mailto:sincro@sincro.sk\" target=\"_blank\">sincro@sincro.sk<\/a><\/span><\/u><\/p>\n<p style=\"text-align: center;\"><a href=\"http:\/\/www.sincro.sk\">www.sincro.sk<\/a><\/p>\n<p>[\/et_pb_text][\/et_pb_column][et_pb_column type=&#8220;1_2&#8243;][et_pb_text admin_label=&#8220;Text&#8220; background_layout=&#8220;light&#8220; text_orientation=&#8220;left&#8220; use_border_color=&#8220;off&#8220; border_color=&#8220;#ffffff&#8220; border_style=&#8220;solid&#8220;]<\/p>\n<h2 style=\"text-align: center;\"><strong>MARKTECH k\u00fape\u013e\u0148ov\u00e9 \u0161t\u00fadio<\/strong><\/h2>\n<p style=\"text-align: center;\">Light Park, Ra\u010dianska 90, Bratislava<\/p>\n<p style=\"text-align: center;\">Mob: <a href=\"tel:+421903908149\">+421 903 908 149<\/a><\/p>\n<p style=\"text-align: center;\"><a href=\"mailto:marktech@marktech.sk\">marktech@marktech.sk<\/a><\/p>\n<p style=\"text-align: center;\"><a href=\"http:\/\/www.marktech.sk\">www.marktech.sk<\/a><\/p>\n<p>[\/et_pb_text][\/et_pb_column][\/et_pb_row][et_pb_row admin_label=&#8220;\u0158\u00e1dek&#8220; make_fullwidth=&#8220;off&#8220; use_custom_width=&#8220;off&#8220; width_unit=&#8220;on&#8220; use_custom_gutter=&#8220;off&#8220; padding_mobile=&#8220;off&#8220; allow_player_pause=&#8220;off&#8220; parallax=&#8220;off&#8220; parallax_method=&#8220;off&#8220; make_equal=&#8220;off&#8220; background_color_2=&#8220;#ededed&#8220; column_padding_mobile=&#8220;on&#8220; background_color_1=&#8220;#ededed&#8220; padding_top_2=&#8220;20&#8243; padding_bottom_2=&#8220;20&#8243; padding_top_1=&#8220;20&#8243; padding_bottom_1=&#8220;20&#8243;][et_pb_column type=&#8220;1_2&#8243;][et_pb_text admin_label=&#8220;Text&#8220; background_layout=&#8220;light&#8220; text_orientation=&#8220;left&#8220; use_border_color=&#8220;off&#8220; border_color=&#8220;#ffffff&#8220; border_style=&#8220;solid&#8220;]<\/p>\n<h2 style=\"text-align: center;\"><strong>VESTILE s.r.o.<\/strong><\/h2>\n<p style=\"text-align: center;\">Sl\u00e1dkovi\u010dova 45, 974 05 Bansk\u00e1 Bystrica<\/p>\n<p style=\"text-align: center;\">tel: +421 48 47 170 00<\/p>\n<p style=\"text-align: center;\"><a href=\"mailto:info@vest.sk\" target=\"_blank\">info@vest.sk<\/a><\/p>\n<p style=\"text-align: center;\">Ateli\u00e9r Bratislava, Vajnorsk\u00e1 98\/F, 831 04 Bratislava<\/p>\n<p style=\"text-align: center;\">tel: +421 2 623 100 64<\/p>\n<p style=\"text-align: center;\"><a href=\"mailto:atelier@vest.sk\" target=\"_blank\">atelier@vest.sk<\/a><\/p>\n<p style=\"text-align: center;\"><a href=\"http:\/\/www.vest.sk\" target=\"_blank\">www.vest.sk<\/a><\/p>\n<p>[\/et_pb_text][\/et_pb_column][et_pb_column type=&#8220;1_2&#8243;][\/et_pb_column][\/et_pb_row][\/et_pb_section]<\/p>\n","protected":false},"excerpt":{"rendered":"<p>[et_pb_section admin_label=&#8220;section&#8220; transparent_background=&#8220;off&#8220; allow_player_pause=&#8220;off&#8220; inner_shadow=&#8220;off&#8220; parallax=&#8220;off&#8220; parallax_method=&#8220;off&#8220; padding_mobile=&#8220;off&#8220; make_fullwidth=&#8220;off&#8220; use_custom_width=&#8220;off&#8220; width_unit=&#8220;on&#8220; make_equal=&#8220;off&#8220; use_custom_gutter=&#8220;off&#8220; custom_css_main_element=&#8220;padding: 22px 0;&#8220;][et_pb_row admin_label=&#8220;\u0158\u00e1dek&#8220;][et_pb_column type=&#8220;4_4&#8243;][et_pb_post_title admin_label=&#8220;Titulek p\u0159\u00edsp\u011bvku&#8220; title=&#8220;on&#8220; meta=&#8220;off&#8220; author=&#8220;off&#8220; date=&#8220;off&#8220; categories=&#8220;off&#8220; comments=&#8220;off&#8220; featured_image=&#8220;on&#8220; featured_placement=&#8220;below&#8220; parallax_effect=&#8220;on&#8220; parallax_method=&#8220;on&#8220; text_orientation=&#8220;center&#8220; text_color=&#8220;dark&#8220; text_background=&#8220;off&#8220; text_bg_color=&#8220;rgba(255,255,255,0.9)&#8220; module_bg_color=&#8220;rgba(255,255,255,0)&#8220; title_all_caps=&#8220;off&#8220; use_border_color=&#8220;off&#8220; border_color=&#8220;#ffffff&#8220; border_style=&#8220;solid&#8220; title_font=&#8220;Roboto Condensed||||&#8220; title_font_size=&#8220;42px&#8220; title_text_color=&#8220;#7cc68d&#8220; meta_font=&#8220;Roboto|on||on|&#8220; meta_font_size=&#8220;21&#8243; meta_text_color=&#8220;#7cc68d&#8220;] [\/et_pb_post_title][et_pb_text admin_label=&#8220;Text&#8220; background_layout=&#8220;light&#8220; text_orientation=&#8220;center&#8220; text_font_size=&#8220;19&#8243; text_text_color=&#8220;#6b6b6b&#8220; use_border_color=&#8220;off&#8220; border_color=&#8220;#ffffff&#8220; border_style=&#8220;solid&#8220;] [&hellip;]<\/p>\n","protected":false},"author":1,"featured_media":0,"parent":0,"menu_order":0,"comment_status":"closed","ping_status":"closed","template":"","meta":[],"_links":{"self":[{"href":"https:\/\/www.opinvest.cz\/imolaceramica\/wp-json\/wp\/v2\/pages\/39"}],"collection":[{"href":"https:\/\/www.opinvest.cz\/imolaceramica\/wp-json\/wp\/v2\/pages"}],"about":[{"href":"https:\/\/www.opinvest.cz\/imolaceramica\/wp-json\/wp\/v2\/types\/page"}],"author":[{"embeddable":true,"href":"https:\/\/www.opinvest.cz\/imolaceramica\/wp-json\/wp\/v2\/users\/1"}],"replies":[{"embeddable":true,"href":"https:\/\/www.opinvest.cz\/imolaceramica\/wp-json\/wp\/v2\/comments?post=39"}],"version-history":[{"count":58,"href":"https:\/\/www.opinvest.cz\/imolaceramica\/wp-json\/wp\/v2\/pages\/39\/revisions"}],"predecessor-version":[{"id":578,"href":"https:\/\/www.opinvest.cz\/imolaceramica\/wp-json\/wp\/v2\/pages\/39\/revisions\/578"}],"wp:attachment":[{"href":"https:\/\/www.opinvest.cz\/imolaceramica\/wp-json\/wp\/v2\/media?parent=39"}],"curies":[{"name":"wp","href":"https:\/\/api.w.org\/{rel}","templated":true}]}}